 prime factors of 33892?
2, 37, 229
What are the prime factors of 10352?
2, 647
What are the prime factors of 106855?
5, 7, 43, 71
What are the prime factors of 287?
7, 41
What are the prime factors of 1655?
5, 331
List the prime factors of 802.
2, 401
List the prime factors of 97365.
3, 5, 6491
List the prime factors of 4114.
2, 11, 17
What are the prime factors of 1499?
1499
List the prime factors of 9164.
2, 29, 79
List the prime factors of 30367.
30367
List the prime factors of 26176.
2, 409
List the prime factors of 39264.
2, 3, 409
List the prime factors of 5132.
2, 1283
List the prime factors of 91334.
2, 45667
What are the prime factors of 1039?
1039
What are the prime factors of 2046?
2, 3, 11, 31
What are the prime factors of 2051?
7, 293
What are the prime factors of 328?
2, 41
What are the prime factors of 19510?
2, 5, 1951
List the prime factors of 3629.
19, 191
List the prime factors of 1535.
5, 307
List the prime factors of 20762.
2, 7, 1483
List the prime factors of 1212.
2, 3, 101
List the prime factors of 2787.
3, 929
What are the prime factors of 819?
3, 7, 13
What are the prime factors of 1961?
37, 53
What are the prime factors of 21615?
3, 5, 11, 131
What are the prime factors of 1216?
2, 19
What are the prime factors of 23030?
2, 5, 7, 47
List the prime factors of 3476.
2, 11, 79
What are the prime factors of 85?
5, 17
What are the prime factors of 7656?
2, 3, 11, 29
List the prime factors of 5434.
2, 11, 13, 19
List the prime factors of 163125.
3, 5, 29
What are the prime factors of 22541?
22541
What are the prime factors of 1236?
2, 3, 103
What are the prime factors of 3043?
17, 179
List the prime factors of 74367.
3, 8263
What are the prime factors of 85160?
2, 5, 2129
List the prime factors of 2140.
2, 5, 107
What are the prime factors of 52739?
23, 2293
What are the prime factors of 36549?
3, 31, 131
What are the prime factors of 74674?
2, 37337
What are the prime factors of 695?
5, 139
What are the prime factors of 24975?
3, 5, 37
What are the prime factors of 4691?
4691
What are the prime factors of 4115?
5, 823
What are the prime factors of 1696?
2, 53
What are the prime factors of 31868?
2, 31, 257
List the prime factors of 12887.
7, 263
What are the prime factors of 46168?
2, 29, 199
List the prime factors of 41578.
2, 20789
List the prime factors of 59297.
7, 43, 197
What are the prime factors of 110932?
2, 27733
List the prime factors of 1223.
1223
List the prime factors of 3685.
5, 11, 67
What are the prime factors of 829?
829
List the prime factors of 1894.
2, 947
List the prime factors of 538.
2, 269
What are the prime factors of 4247?
31, 137
What are the prime factors of 103254?
2, 3, 17209
List the prime factors of 803.
11, 73
What are the prime factors of 863?
863
What are the prime factors of 16036?
2, 19, 211
List the prime factors of 3712.
2, 29
List the prime factors of 45374.
2, 7, 463
List the prime factors of 1888.
2, 59
List the prime factors of 43384.
2, 11, 17, 29
List the prime factors of 46.
2, 23
What are the prime factors of 7778?
2, 3889
What are the prime factors of 75209?
75209
List the prime factors of 14991.
3, 19, 263
List the prime factors of 6082.
2, 3041
What are the prime factors of 4843?
29, 167
List the prime factors of 1851.
3, 617
What are the prime factors of 16555?
5, 7, 11, 43
What are the prime factors of 369?
3, 41
List the prime factors of 2861.
2861
List the prime factors of 2011.
2011
What are the prime factors of 1252?
2, 313
What are the prime factors of 6187?
23, 269
List the prime factors of 1314.
2, 3, 73
What are the prime factors of 8120?
2, 5, 7, 29
List the prime factors of 16859.
23, 733
List the prime factors of 49243.
23, 2141
What are the prime factors of 20956?
2, 13, 31
What are the prime factors of 350?
2, 5, 7
What are the prime factors of 601?
601
What are the prime factors of 4608?
2, 3
What are the prime factors of 17015?
5, 41, 83
What are the prime factors of 39801?
3, 13267
List the prime factors of 11097.
3, 137
What are the prime factors of 57854?
2, 28927
What are the prime factors of 8614?
2, 59, 73
List the prime factors of 15707.
113, 139
List the prime factors of 41685.
3, 5, 7, 397
What are the prime factors of 21910?
2, 5, 7, 313
List the prime factors of 4621.
4621
What are the prime factors of 953?
953
List the prime factors of 319.
11, 29
What are the prime factors of 65276?
2, 16319
What are the prime factors of 95987?
95987
List the prime factors of 617.
617
List the prime factors of 5016.
2, 3, 11, 19
List the prime factors of 27630.
2, 3, 5, 307
What are the prime factors of 523?
523
List the prime factors of 1353.
3, 11, 41
List the prime factors of 106608.
2, 3, 2221
What are the prime factors of 20636?
2, 7, 11, 67
What are the prime factors of 7261?
53, 137
What are the prime factors of 1442?
2, 7, 103
List the prime factors of 24933.
3, 8311
What are the prime factors of 807?
3, 269
What are the prime factors of 62580?
2, 3, 5, 7, 149
What are the prime factors of 828?
2, 3, 23
What are the prime factors of 2836?
2, 709
What are the prime factors of 952?
2, 7, 17
What are the prime factors of 38708?
2, 9677
List the prime factors of 48156.
2, 3, 4013
What are the prime factors of 7588?
2, 7, 271
List the prime factors of 14704.
2, 919
What are the prime factors of 1867?
1867
List the prime factors of 726.
2, 3, 11
List the prime factors of 32039.
7, 23, 199
List the prime factors of 19826.
2, 23, 431
List the prime factors of 26638.
2, 19, 701
List the prime factors of 940.
2, 5, 47
List the prime factors of 1586.
2, 13, 61
List the prime factors of 470.
2, 5, 47
What are the prime factors of 67?
67
List the prime factors of 78.
2, 3, 13
List the prime factors of 11345.
5, 2269
List the prime factors of 2194.
2, 1097
What are the prime factors of 1193?
1193
List the prime factors of 2170.
2, 5, 7, 31
What are the prime factors of 1608?
2, 3, 67
List the prime factors of 779.
19, 41
What are the prime factors of 78?
2, 3, 13
What are the prime factors of 15785?
5, 7, 11, 41
List the prime factors of 1110.
2, 3, 5, 37
List the prime factors of 48578.
2, 107, 227
List the prime factors of 19295.
5, 17, 227
List the prime factors of 250.
2, 5
What are the prime factors of 5731?
11, 521
What are the prime factors of 1931?
1931
List the prime factors of 74809.
7, 10687
What are the prime factors of 15567?
3, 5189
What are the prime factors of 547?
547
What are the prime factors of 7872?
2, 3, 41
List the prime factors of 4582.
2, 29, 79
List the prime factors of 15230.
2, 5, 1523
What are the prime factors of 76683?
3, 25561
What are the prime factors of 11902?
2, 11, 541
List the prime factors of 1248.
2, 3, 13
List the prime factors of 10690.
2, 5, 1069
What are the prime factors of 3484?
2, 13, 67
What are the prime factors of 480?
2, 3, 5
List the prime factors of 1899.
3, 211
List the prime factors of 507.
3, 13
List the prime factors of 31549.
7, 4507
List the prime factors of 14026.
2, 7013
List the prime factors of 52812.
2, 3, 163
List the prime factors of 3099.
3, 1033
What are the prime factors of 11727?
3, 1303
What are the prime factors of 158833?
29, 5477
What are the prime factors of 430?
2, 5, 43
What are the prime factors of 635?
5, 127
What are the prime factors of 984?
2, 3, 41
List the prime factors of 3542.
2, 7, 11, 23
List the prime factors of 4805.
5, 31
What are the prime factors of 47327?
7, 6761
What are the prime factors of 7541?
7541
What are the prime factors of 1338?
2, 3, 223
What are the prime factors of 423?
3, 47
List the prime factors of 162.
2, 3
List the prime factors of 4932.
2, 3, 137
List the prime factors of 160047.
3, 17783
What are the prime factors of 15773?
15773
What are the prime factors of 989?
23, 43
List the prime factors of 592.
2, 37
List the prime factors of 71654.
2, 11, 3257
What are the prime factors of 2369?
23, 103
What are the prime factors of 27563?
43, 641
List the prime factors of 181931.
181931
What are the prime factors of 1227?
3, 409
What are the prime factors of 157?
157
What are the prime factors of 10134?
2, 3, 563
List the prime factors of 71.
71
What are the prime factors of 63099?
3, 19, 41
What are the prime factors of 1192?
2, 149
What are the prime fa